100011011110010 - -11?
10000100011011110101
In base 7, what is -41 - -33063?
33022
In base 12, what is 3ab4 - b?
3aa5
In base 16, what is 39 + -6c5f?
-6c26
In base 8, what is -20773 + 6?
-20765
In base 14, what is -2d07c + -1?
-2d07d
In base 16, what is 26 - 365?
-33f
In base 5, what is -23443023 - 11?
-23443034
In base 15, what is 13618 + -9?
1360e
In base 14, what is 2 + -2c16?
-2c14
In base 7, what is -3654220 + 5?
-3654212
In base 13, what is -378 + 2b3?
-95
In base 13, what is -c75 + 1695?
720
In base 15, what is -4 + -66a4?
-66a8
In base 11, what is 10447 - -113?
1055a
In base 16, what is -176 + -1d65?
-1edb
In base 5, what is -223133 + 1?
-223132
In base 9, what is -1033022 + -2?
-1033024
In base 2, what is 1010010111111000 + 100?
1010010111111100
In base 16, what is 12d7 + -95?
1242
In base 4, what is 2223 + -1132212?
-1123323
In base 6, what is 1040330 + 1?
1040331
In base 14, what is -1 + 2c202?
2c201
In base 14, what is 11592 - -13?
115a5
In base 15, what is 250 - -d3?
333
In base 16, what is 64d - 77?
5d6
In base 16, what is -b8b2c - 5?
-b8b31
In base 15, what is 5 - -1e757?
1e75c
In base 8, what is 3 - 63221?
-63216
In base 12, what is 1 - 7440?
-743b
In base 5, what is 211412 + 11?
211423
In base 8, what is 226756 + -1?
226755
In base 9, what is 1255 + 1?
1256
In base 4, what is 0 - -3220132?
3220132
In base 2, what is 11000 - 110011001011?
-110010110011
In base 6, what is -14 + -3044?
-3102
In base 3, what is 2121 + 1201200?
1211021
In base 12, what is -440 + 30b?
-131
In base 7, what is 305133 + -3?
305130
In base 11, what is 67793 - -8?
677a0
In base 15, what is -1840 - 21?
-1861
In base 11, what is -3979 - a?
-3988
In base 12, what is 43 + -2021?
-1b9a
In base 11, what is 15 - -2984?
2999
In base 16, what is 17467 + -f?
17458
In base 10, what is 142817 + 2?
142819
In base 12, what is -4 + -25287?
-2528b
In base 6, what is -203523320 - 1?
-203523321
In base 5, what is -1021 + -23433?
-30004
In base 11, what is -15897 - -12?
-15885
In base 3, what is -21120 - 10212?
-102102
In base 12, what is -226361 - 4?
-226365
In base 3, what is 2000001200 + 10?
2000001210
In base 4, what is 3010 - -213?
3223
In base 12, what is 1622 - -2?
1624
In base 12, what is -38957a + a?
-389570
In base 6, what is 235 + -2103?
-1424
In base 3, what is 12 - 21100212112?
-21100212100
In base 5, what is -4 + 221031?
221022
In base 13, what is -1 + 8125?
8124
In base 4, what is -322 - 10302130?
-10303112
In base 12, what is -387 - -9b8?
631
In base 7, what is -1611 - 2501?
-4412
In base 5, what is -32 + -1110014?
-1110101
In base 5, what is -422 + 11112?
10140
In base 4, what is 110000130 - -1?
110000131
In base 9, what is 5 + -71274?
-71268
In base 6, what is -4 - 54352?
-54400
In base 3, what is 11220022112101 - 1?
11220022112100
In base 3, what is 2001202212 - -11?
2001210000
In base 10, what is 1565 - -6?
1571
In base 15, what is -15a374 - -2?
-15a372
In base 14, what is ab - -247b?
2548
In base 10, what is 59096 + 5?
59101
In base 10, what is -1399 - 34?
-1433
In base 9, what is -1101455 - -3?
-1101452
In base 8, what is -370 + -10?
-400
In base 10, what is -1 - -366288?
366287
In base 7, what is 33102 + -3?
33066
In base 4, what is -30120 - 310?
-31030
In base 8, what is 0 + -157077?
-157077
In base 3, what is -100101 + -121022122?
-121200000
In base 15, what is 10833 - -6?
10839
In base 6, what is -235424423 + 5?
-235424414
In base 15, what is -25 - 659b?
-65c1
In base 9, what is -100447 - -4?
-100443
In base 11, what is 4 - 28767?
-28763
In base 7, what is -5 - -13234?
13226
In base 14, what is 19 + -76b6?
-769b
In base 4, what is 21 + 10030230?
10030311
In base 13, what is -11 + 691a5?
69194
In base 13, what is c - -19c9?
1a08
In base 3, what is -1 - 111011100?
-111011101
In base 3, what is 0 + -21220002121?
-21220002121
In base 4, what is -102023 + 223?
-101200
In base 2, what is -111 - 111010001110?
-111010010101
In base 4, what is -1200003 + -201?
-1200210
In base 15, what is -950 - 86?
-9d6
In base 12, what is 4 + 1a578?
1a580
In base 13, what is 3b838 - -3?
3b83b
In base 16, what is -14a + e53?
d09
In base 13, what is -4b + -3c2?
-440
In base 4, what is 0 - 3320100?
-3320100
In base 10, what is -5126 - -36?
-5090
In base 12, what is 4b70b + -4?
4b707
In base 7, what is -31 - 6021?
-6052
In base 3, what is 10 + 112011101102?
112011101112
In base 10, what is 30 + -3137?
-3107
In base 7, what is 4540512 + 5?
4540520
In base 10, what is 77162 + -1?
77161
In base 10, what is -5 + -61944?
-61949
In base 9, what is 110266 - 3?
110263
In base 13, what is 28c - -613?
8a2
In base 7, what is -14450 + 6?
-14441
In base 16, what is -7b - -5f?
-1c
In base 5, what is 113 + 10311?
10424
In base 10, what is -10 + -873?
-883
In base 6, what is 10323 - 3520?
2403
In base 16, what is f + 1aa?
1b9
In base 11, what is 18 - 415?
-3a8
In base 5, what is -210 + 332234?
332024
In base 2, what is 11 + -1100011000101100?
-1100011000101001
In base 5, what is -2100 - -101?
-1444
In base 11, what is -17a45 + 1?
-17a44
In base 2, what is 11001 + 10001000101101?
10001001000110
In base 14, what is -26d + d?
-260
In base 5, what is -3 - -241122?
241114
In base 15, what is -596 + -106?
-69c
In base 12, what is 1 - 31873?
-31872
In base 16, what is 712d + 1?
712e
In base 15, what is 111 + -1e?
e2
In base 8, what is 4 + 17165?
17171
In base 11, what is 1 - -5276a?
52770
In base 8, what is 3 - -72475?
72500
In base 5, what is -30130 + -2002?
-32132
In base 13, what is -2 + 68b3?
68b1
In base 14, what is 1 - -772b?
772c
In base 8, what is 12042066 - 3?
12042063
In base 14, what is -4 + 330?
32a
In base 11, what is 60a - -154?
763
In base 16, what is -1995 + 6?
-198f
In base 3, what is 0 + 122111200?
122111200
In base 10, what is -30 - -7362?
7332
In base 4, what is -21 - -112012?
111331
In base 14, what is -88 + a7?
1d
In base 10, what is 141731 + 4?
141735
In base 15, what is 1 - 1193a?
-11939
In base 16, what is -1 + -13f8c0?
-13f8c1
In base 16, what is 164d5 - -1?
164d6
In base 9, what is -22133 + -3?
-22136
In base 11, what is 2363 - 52?
2311
In base 6, what is -150453 + 33?
-150420
In base 16, what is -282 - -84?
-1fe
In base 6, what is 0 - 23440?
-23440
In base 2, what is -1 + 101101010001001?
101101010001000
In base 3, what is -2200 - -21100?
11200
In base 12, what is 977ab + 2?
977b1
In base 13, what is 32497 + -4?
32493
In base 3, what is -2010220010 - -200?
-2010212110
In base 4, what is 2103 + -3112223?
-3110120
In base 13, what is 3a98 + 5c?
3b27
In base 6, what is 251 + 23015?
23310
In base 3, what is 1011002222101 + -10?
1011002222021
In base 2, what is -1001000011 + -100010110?
-1101011001
In base 13, what is -2 + -106c2?
-106c4
In base 11, what is -79 - 14083?
-14151
In base 6, what is -24 + -1055?
-1123
In base 12, what is -708b7a + -4?
-708b82
In base 12, what is -258890 - -3?
-258889
In base 6, what is -25431 + -1?
-25432
In base 14, what is 1 + 2a50?
2a51
In base 6, what is -1 - -1350553?
1350552
In base 14, what is -128 + -5256?
-5380
In base 9, what is -1 - -60?
58
In base 10, what is -2810 - 8?
-2818
In base 15, what is -1950 + -1a?
-196a
In base 12, what is 35 + 449?
482
In base 8, what is -4 + 23467?
23463
In base 2, what is -100111111101 + -11101?
-101000011010
In base 8, what is 3 + 1351212?
1351215
In base 3, what is -1200011222211 + -1?
-1200011222212
In base 9, what is 77617 + 4?
77622
In base 14, what is -823 - -4?
-81d
In base 15, what is 65 - a7?
-42
In base 14, what is 1d + -181?
-162
In base 14, what is 0 + -164ca5?
-164ca5
In base 2, what is 1010100 - -11111111100?
100001010000
In base 10, what is 1501 + 49?
1550
In base 13, what is -8 + -4746?
-4751
In base 3, what is 10021 - 12101221?
-12021200
In base 2, what is 1 - 1011000101110010?
-1011000101110001
In base 6, what is 42000 - -1011?
43011
In base 15, what is 2 + 3977?
3979
In base 15, what is -8 + -a2de?
-a2e7
In base 11, what is -1a5617 - 1?
-1a5618
In base 12, what is 0 + -6b0?
-6b0
In base 16, what is 3 + -448c?
-4489
In base 12, what is 11b4 - 1b8?
bb8
In base 13, what is 2a40c - -5?
2a414
In base 15, what is aa9 + 32?
adb
In base 8, what is 334 - 1374?
-1040
In base 13, what is 19 + -23a4?
-2388
In base 5, what is -4141 - 1003?
-10144
In base 8, what is -6520 + -1611?
-10331
In ba